/15). Let t = 157 + g. Is t a prime number?
False
Let o = -1071 - -12670. Is o prime?
False
Let n = 160 + -90. Let j be (-2 + 1)*(-3 - -3). Suppose j = 2*r + n - 252. Is r a prime number?
False
Is -6 + (-302094)/(-7) - 5/(-7) prime?
True
Let l = 52264 - 28895. Is l a prime number?
True
Suppose -k + 160 = 86. Is k a prime number?
False
Let t(b) = -b + 2. Let w be t(1). Is (w - 12126/(-15)) + (-18)/45 composite?
False
Let l(t) = -225*t - 134. Is l(-3) a composite number?
False
Suppose 2*j - 5*u = j + 4689, -2*u + 9402 = 2*j. Is j a prime number?
False
Suppose u + 9 = 4*u. Suppose 0 = -u*t + 34 + 14. Suppose 2*f - t = 158. Is f prime?
False
Let r(c) = -225*c - 8. Let k(d) = d**3 - 4*d**2 - 12*d - 5. Let i be k(6). Is r(i) prime?
True
Suppose 2*b = 1596 - 590. Suppose u = 1843 - b. Suppose 0 = -4*h + 5*x + u, -h + 4*x = h - 670. Is h a composite number?
True
Let b(c) = -3*c**3 + 5*c**2 + 4*c - 4. Let i be b(4). Let h = i + 185. Is h a composite number?
True
Let z = -414 - -3983. Is z prime?
False
Suppose 0*i + 3 = -3*h + 2*i, -5*h = -5*i. Is (-3 - -4) + 259 - h prime?
True
Let z be -2*(73/(-1))/((-6)/(-114)). Let k = -1923 + z. Is k composite?
True
Is 5269/3 - 2/(-3) a composite number?
True
Is (-15127)/14*1*-2 a composite number?
False
Suppose -5*f = -5*a + 56 + 14, 3*a - 17 = -2*f. Suppose -12*b = -a*b - 879. Is b prime?
True
Suppose 5*j - 10 = 5. Suppose w = j*w - 1594. Is w composite?
False
Let r(c) = 8*c - 4. Let l be r(3). Suppose a + 3*s - l = 0, -a + 3*s - 17 + 7 = 0. Let h = 138 + a. Is h a composite number?
True
Suppose -3*l - 4*l = -5*l. Suppose l = -6*k + k + 2335. Is k composite?
False
Suppose 22 = 5*l - 4*s - 0*s, -3*l = 2*s. Suppose l*a = -2*t - 0*a + 904, -2*a = 4. Suppose 3*j = 7*j + 4*w - 912, 0 = -2*j - w + t. Is j composite?
True
Let x(t) be the second derivative of -34*t**3/3 + 5*t**2/2 + t. Let s(k) = k**3 - 2*k**2 + 2*k - 18. Let z be s(3). Is x(z) a composite number?
True
Let h(v) = 24*v**2 + 8*v - 1. Let o = -46 - -52. Is h(o) prime?
True
Let w(p) = -5*p - 41. Let j be w(-9). Suppose 12 = -x + 5*y + 549, -4*x - j*y = -2244. Is x a prime number?
True
Let o(y) = 370*y - 2. Let h be o(1). Suppose 103 = 3*g - h. Is g a composite number?
False
Suppose 13*i = -12*i + 560225. Is i a prime number?
True
Let g(q) = -q**3 - 6*q**2 - 7*q - 5. Let z be g(-6). Suppose z - 5 = 4*r - 2*x, r + 4*x = 8. Suppose 2*b = r + 18. Is b a prime number?
True
Suppose -2*s + 5*s - 123 = 0. Suppose s = -3*x + 14. Let u(f) = -f**3 - 4*f**2 - 9*f - 7. Is u(x) a prime number?
True
Is ((-1)/(-2))/(8 + (-18257136)/2282144) a prime number?
True
Let v = 413 - 267. Suppose v = 5*i - 1409. Is i a composite number?
False
Let b be (4/(-16))/1 - (-1513)/4. Let f = b + 133. Is f a prime number?
False
Let r(t) = -t**2 - 10*t + 4. Let a be r(-10). Suppose -5*f = -6*y + y - 1035, 0 = -a*y + 16. Is f a prime number?
True
Let a = 786 - 109. Is a prime?
True
Suppose -4*u - 5*c + 28465 = 0, c = -u - 2*u + 21346. Is u composite?
True
Suppose -2*q + 45 = -5*g, -18 = -2*g + 4*g - q. Let n be (-6)/g*(3 + -21). Is 111*3 + n + 10 composite?
False
Let f = -2327 + 3696. Is f composite?
True
Let z(q) = 108*q - 3. Let b(n) = 107*n - 4. Let d(s) = -4*b(s) + 3*z(s). Suppose 5*h - 1 = -31. Is d(h) a composite number?
False
Let l = -21802 + 34121. Is l composite?
True
Suppose 4427 = 2*n - 16703. Is n prime?
False
Let z(h) = -h + 8. Suppose -r + 0*r = -5. Let x be z(r). Suppose -x*o + b = -o - 377, -4*b + 362 = 2*o. Is o prime?
False
Let i be -6*((-1)/(-1))/(-1). Let k(j) = -29*j - 249. Let l be k(-16). Suppose g - i*g = -l. Is g a prime number?
True
Suppose -m = -o - 26629, 0*o = -3*m + 4*o + 79889. Is m a composite number?
False
Let y = -14 - -17. Suppose 5*i - 2557 = y*m, -4*m + 5*m = 3*i - 859. Is -2 - (4 + -1 + m) prime?
True
Let n be -4 + 0 - (18 - 21). Is -2 - -212 - n/1 composite?
False
Let h be -212*-3*2/8. Let n = h - 78. Let q = n + 130. Is q a prime number?
True
Suppose -9*p = -5*p - 12. Suppose r - 1053 = -p*z + 509, -r - 2*z = -1561. Is r a prime number?
True
Let o = -3888 + 6091. Is o a composite number?
False
Suppose -r = -0*r, -d - 2*r = -5. Suppose d*h - 20325 + 4310 = 0. Is h prime?
True
Suppose 4*u = 5*d + 13, 3*d + 3*u = 4*u - 5. Let o(b) = b**3 - 13*b**2 + 9*b + 12. Let n be o(12). Is 12/n*14/d composite?
False
Let r = 39 - 84. Suppose -2 = 2*u, -4*u - 453 = 4*h + u. Let k = r - h. Is k a prime number?
True
Let d = 88 - 84. Suppose o + 3*o + 2*t - 18138 = 0, -4*o = -d*t - 18132. Is o a prime number?
False
Let r = -3600 + 32091. Is r composite?
True
Let x = -2294 + 3517. Is x composite?
False
Suppose -30*t + 174986 = -16*t. Is t a prime number?
False
Suppose -5 = -5*d - 20. Let p be (0 + 2 + d)*41. Let b = 180 + p. Is b prime?
True
Suppose 34*g - 43*g + 225657 = 0. Is g composite?
False
Is (-3 - (-6 + -2461)) + 7 a composite number?
True
Let w(h) = -15 + 0*h + 4*h - 2. Let d be (3 - 4)/(5/(-40)). Is w(d) a composite number?
True
Suppose 5*w - 11*c - 49814 = -8*c, 0 = w + 3*c - 9952. Is w composite?
True
Suppose -4*x + 2*l = -0*l - 6, 10 = 4*x + 2*l. Suppose 0 = 4*f - 4*y + 12, -x*f + 4*y = 3*f + 12. Is 171/3 + f - -2 prime?
True
Let k(d) = d**2 + 2. Let j be (-2 - 4)/(1/1). Let o be (5 + j)/(1/7). Is k(o) composite?
True
Suppose 0*n - 102 = -3*b - 3*n, -n = 5*b - 162. Suppose f - 881 + b = 0. Is f a prime number?
False
Is 20/40*2062/1 a prime number?
True
Let b(g) = -g**3 - g**2 + 6*g + 5. Suppose f = -5, -2*z + 4*f = 2*f - 16. Let j(u) = u**3 - 5*u**2 + 5*u - 4. Let d be j(z). Is b(d) a prime number?
True
Let u(g) = -2*g**3 + 10*g**2 - 3*g - 6. Suppose 2*j - 13 + 3 = 0. Let h be u(j). Is 6/h + 1815/7 a composite number?
True
Let g be 3/(-6)*-2 + 1. Let s be (111/6)/(g/4). Let b = s - 14. Is b composite?
False
Let l(g) be the first derivative of -6*g + 4/3*g**3 + 1/2*g**2 - 6. Is l(-5) a composite number?
False
Let v = -31 + 33. Suppose 0 = p - 5*k - 37, v*k = -4*p + 14 + 68. Is p prime?
False
Let x = -308 + 198. Let r = 231 + x. Is r prime?
False
Suppose -3*w + 1506 = -13431. Suppose 6*l = 19*l - w. Is l a composite number?
False
Suppose 18 = -5*p - 17. Let m = p - -12. Suppose 2*r = m*r - 741. Is r a composite number?
True
Suppose -5*f + 23 = -17. Let l be (f - -10)*1/(-1). Is (l/8)/(3/(-12)) a composite number?
True
Let g(y) = 5*y**3 + 17*y**2 - 19*y + 7. Let u(z) = -2*z**3 - 8*z**2 + 10*z - 3. Let q(n) = 4*g(n) + 9*u(n). Is q(6) a composite number?
False
Suppose -8 = -3*g - 5. Is (-5706)/(-45) - g/(-5) a prime number?
True
Let s = 43 + -104. Let i = -34 - s. Suppose i + 195 = 2*c. Is c prime?
False
Let s(c) = 963*c - 70. Is s(19) a composite number?
True
Let q(f) = -258*f - 1. Let y be q(1). Let v(m) = 82*m - 5. Let t be v(5). Let o = y + t. Is o a composite number?
True
Let g be (-30)/6 + 4 + -4. Let z(y) = 61*y**2 - 7*y + 7. Is z(g) prime?
True
Let i(t) = -66*t - 7. Let f(o) = 66*o + 7. Let b(u) = -6*f(u) - 5*i(u). Is b(-5) a composite number?
True
Let x(g) = 3*g**2 + 6*g - 3. Let l be x(-3). Let v(r) = 109*r - 13. Is v(l) prime?
True
Let k(y) = -17413*y**3 + y**2 - 5*y - 6. Is k(-1) prime?
False
Suppose 0 = -3*j + j + w + 21, 4*j + 3*w - 57 = 0. Suppose -k - j = k. Is (-4)/k + (-1137)/(-9) a prime number?
True
Let n = -23807 - -38968. Is n a prime number?
True
Let p be 9/(-2)*442/51. Is (-3)/(-1)*(-403)/p prime?
True
Suppose 31*w - 24*w = 20447. Is w prime?
False
Suppose 8*p - 137251 = 28053. Is p a prime number?
True
Suppose 0 = -2*t + 5*v + 9843, -2*t = -v - 0*v - 9839. Is t a composite number?
False
Suppose 1156 = 5*n - 3*n. Suppose -n = -17*a + 15*a. Is a a prime number?
False
Let t(b) = 2*b**2 - 7*b + 13. Let x be t(-11). Suppose 0 = -5*r + 28 + x. Let d = 149 - r. Is d composite?
True
Let g(q) = 48*q + 17. Let v = -37 - -32. Let y(j) = -24*j - 8. Let p(c) = v*y(c) - 3*g(c). Is p(-7) composite?
False
Let m(f) = -1015*f - 71. Is m(-4) a prime number?
True
Let k be (-119)/(-21) + (-1)/(-3). Is (-4592)/(-42) - 2/k a composite number?
False
Let r = 17 + -4. Is -171*((-26)/r)/(7 - 1) a prime number?
False
Suppose -6*z + 17454 = 3456. Is z a composite number?
False
Is (-10 + 63426/12)*(-2)/(-3) a prime number?
True
Let s(r) = -r**2 + 6*r - 2. Let l be s(5). Suppose 0 = k + 3*b - 2, 0 = -k - b + 1 + l. Suppose 10*o = k*o + 310. Is o composite?
True
Suppos